58 a composite number?
True
Is 39917496251 prime?
True
Is 3516190459 a prime number?
True
Is 440645623 a prime number?
False
Is 80320781 a composite number?
False
Is 6664340887 a prime number?
True
Is 822196031 a composite number?
True
Is 197076437 composite?
False
Is 41519231239 a composite number?
True
Is 75300871733 a prime number?
True
Is 58213204381 a composite number?
True
Is 3240213727 composite?
False
Is 20278693309 a prime number?
False
Is 25734091 prime?
True
Is 2734418647 a composite number?
True
Is 23938067051 a composite number?
False
Is 1041838961 a composite number?
False
Is 14876167931 composite?
False
Is 1245272519 a composite number?
True
Is 212566399 a composite number?
True
Is 19267059373 prime?
True
Is 126894759 composite?
True
Is 660327337 composite?
True
Is 60541307 composite?
False
Is 125433154094 prime?
False
Is 849985589 a composite number?
False
Is 2889404257 composite?
False
Is 5655039662 composite?
True
Is 57115837627 a prime number?
False
Is 115800353 prime?
False
Is 256322041 prime?
True
Is 1345056385 prime?
False
Is 499838107 a composite number?
True
Is 11827512421 a composite number?
False
Is 1603436291 composite?
True
Is 420011465 a prime number?
False
Is 10464738577 prime?
True
Is 1062315361 a composite number?
False
Is 15417740407 composite?
False
Is 32419743769 a prime number?
False
Is 3002247781 prime?
False
Is 16913297417 a prime number?
False
Is 2070277889 a composite number?
True
Is 229330034089 a prime number?
False
Is 1512130063 composite?
False
Is 59971979 a composite number?
True
Is 66063820451 a prime number?
True
Is 19009724263 a composite number?
True
Is 1775486873 composite?
False
Is 269445151 a prime number?
False
Is 80467429619 prime?
False
Is 30325200881 prime?
False
Is 291661283 prime?
False
Is 17921157277 composite?
True
Is 51318878041 composite?
True
Is 534005821 prime?
False
Is 2043081002 prime?
False
Is 649794401 composite?
True
Is 221219540689 composite?
True
Is 170254073251 a prime number?
True
Is 1633299037 a composite number?
False
Is 388847253 a composite number?
True
Is 679420163 prime?
False
Is 7054377287 a prime number?
True
Is 1374709493 prime?
False
Is 3557476981 a composite number?
False
Is 26010461473 a composite number?
False
Is 179531198173 prime?
True
Is 122604357041 prime?
True
Is 15072355717 prime?
True
Is 15720298673 a composite number?
False
Is 8318960617 a prime number?
False
Is 498702163 a composite number?
False
Is 1959753253 composite?
False
Is 4128549473 prime?
False
Is 4335416797 a prime number?
True
Is 4798821955 prime?
False
Is 3253203013 a composite number?
True
Is 168440689 a prime number?
True
Is 128753681 a composite number?
True
Is 37884180007 prime?
True
Is 51452564938 prime?
False
Is 42995899 a composite number?
False
Is 373504721 a prime number?
True
Is 375932059 prime?
True
Is 34221479207 prime?
True
Is 59934079771 composite?
False
Is 362569667 a composite number?
False
Is 18368052499 composite?
False
Is 12279610519 a prime number?
False
Is 5163790903 a composite number?
False
Is 1147303897 a composite number?
True
Is 26740600631 a composite number?
True
Is 417836417 a prime number?
True
Is 20201194753 a prime number?
True
Is 251437253 a composite number?
False
Is 54768995 prime?
False
Is 3752228951 composite?
True
Is 1405744853 a composite number?
True
Is 2964603023 a composite number?
False
Is 10661354831 composite?
True
Is 3220838549 composite?
False
Is 328683937 composite?
True
Is 305767187 a composite number?
True
Is 96102062821 a composite number?
True
Is 3172674471 prime?
False
Is 70999281247 a prime number?
True
Is 216222913 a composite number?
True
Is 76091831 composite?
False
Is 26260359271 a prime number?
False
Is 40738987589 prime?
False
Is 375661303 prime?
True
Is 1009647851 a prime number?
True
Is 12462788419 composite?
True
Is 23332213487 prime?
False
Is 53981543189 prime?
False
Is 12921618469 a composite number?
True
Is 111260761 a prime number?
False
Is 5327962687 a composite number?
True
Is 321409607 a composite number?
True
Is 741463507 a composite number?
False
Is 163657472483 composite?
False
Is 170899929631 prime?
True
Is 976401421 prime?
True
Is 3643388093 composite?
True
Is 21909128089 a prime number?
False
Is 404763679 prime?
True
Is 2737571663 a prime number?
True
Is 6042012469 composite?
True
Is 12384810917 a composite number?
True
Is 28949269 composite?
True
Is 231226021163 composite?
True
Is 2494417529 composite?
True
Is 268538820013 a composite number?
False
Is 9588862407 a composite number?
True
Is 279418381 composite?
True
Is 6745663807 prime?
True
Is 3780952717 a composite number?
False
Is 3499360273 a composite number?
False
Is 69182473 prime?
False
Is 407603513 prime?
True
Is 30832591649 prime?
False
Is 38207027 a prime number?
False
Is 190715281 a composite number?
True
Is 193772335 a composite number?
True
Is 8606557261 a prime number?
False
Is 1948990733 prime?
False
Is 637981459 a prime number?
False
Is 460461289 a composite number?
False
Is 3216848821 prime?
True
Is 73360733 a prime number?
True
Is 94800642821 prime?
True
Is 365142073 a prime number?
True
Is 1736737669 prime?
True
Is 44722795771 a prime number?
True
Is 118349115359 a prime number?
True
Is 24993050727 a composite number?
True
Is 432536807 a prime number?
True
Is 836053223 prime?
False
Is 5448560737 prime?
False
Is 1566945689 composite?
True
Is 9346747327 a composite number?
True
Is 732169847 prime?
True
Is 21779441587 a composite number?
False
Is 7672039343 composite?
True
Is 273255881 prime?
False
Is 12037899469 composite?
True
Is 27115258843 a composite number?
False
Is 508713589 a composite number?
True
Is 133433179 a prime number?
False
Is 261663833 prime?
False
Is 174974198491 a prime number?
True
Is 295582219 a prime number?
False
Is 1932778103 prime?
False
Is 155754847373 prime?
False
Is 5093982977 a composite number?
False
Is 29509413445 a prime number?
False
Is 56523493007 composite?
False
Is 17343379 prime?
False
Is 72446052709 a composite number?
False
Is 3243668343 a prime number?
False
Is 83188981 prime?
True
Is 188834923 prime?
False
Is 196227503 prime?
True
Is 893828387 a composite number?
False
Is 6502757419 a prime number?
True
Is 11660711003 a prime number?
False
Is 9453270194 prime?
False
Is 8964560531 a prime number?
False
Is 1830585569 composite?
False
Is 12151808167 a composite number?
False
Is 545776144323 a composite number?
True
Is 12725446639 composite?
False
Is 1474517 prime?
False
Is 19033484819 a prime number?
False
Is 463793545 composite?
True
Is 587670647 prime?
False
Is 128771907739 a composite number?
True
Is 58782480881 a prime number?
False
Is 17133856477 a prime number?
False
Is 1214200807 a prime number?
True
Is 10478581 prime?
True
Is 1284694069 a composite number?
False
Is 3237991429 prime?
True
Is 122865907777 a composite number?
False
Is 75931873 a prime number?
False
Is 41004759331 a prime number?
True
Is 732143073 a composite number?
True
Is 2138422523 prime?
False
Is 4938982879 a composite number?
True
Is 1626516601 a composite number?
False
Is 675666599 prime?
True
Is 126543419 a composite number?
False
Is 203125015901 prime?
True
Is 864238523 prime?
True
Is 1517058149 a prime number?
True
Is 235202377 a composite number?
True
Is 42867278323 a composite number?
False
Is 11686594297 a composite number?
True
Is 63293561819 prime?
True
Is 43035896594 composite?
True
Is 112340693 composite?
True
Is 10275360283 prime?
False
Is 5002796117 a prime number?
False
Is 1607240597 a composite number?
False
Is 21983003113 prime?
False
Is 1563093269 a prime number?
True
Is 117416413703 a composite number?
False
Is 457856369 a prime number?
True
Is 596208883 a prime number?
False
Is 987334917 a composite number?
True
Is 10767268871 composite?
False
Is 473258447 a composite number?
True
Is 19280969881 composite?
False
Is 129380417 a composite number?
True
Is 868808333 a prime number?
True
Is 80197493221 a composite number?
True
Is 1411869059 a composite number?
False
Is 1730393747 a prime number?
False
Is 5636684098 a composite number?
True
Is 8623065767 composite?
False
Is 202364905 a prime number?
False
Is 15749539577 a composite number?
False
Is 14702258579 a composite number?
True
Is 2756387561 a prime number?
